, what is 707 + -1?
706
In base 4, what is 13 - 1110?
-1031
In base 13, what is 4a + -2?
48
In base 10, what is 36 - -221?
257
In base 13, what is b + -ac?
-a1
In base 3, what is -1 - 1001?
-1002
In base 3, what is -2222 - 1020?
-11012
In base 8, what is 2 - -1326?
1330
In base 6, what is -5 + -343?
-352
In base 6, what is 5 - -1215?
1224
In base 16, what is a8 + 5?
ad
In base 9, what is -738 + 6?
-732
In base 4, what is -12 + 10212?
10200
In base 10, what is 2 - -584?
586
In base 15, what is -1 + 17?
16
In base 8, what is 1 + 1133?
1134
In base 6, what is -2034 + 1?
-2033
In base 8, what is 6 + 3600?
3606
In base 9, what is -3 - -2876?
2873
In base 16, what is -7 + -e?
-15
In base 11, what is 91 + 40?
121
In base 6, what is -441 - -24?
-413
In base 14, what is -9 - 3?
-c
In base 10, what is 2 - 40?
-38
In base 6, what is -42 + 124?
42
In base 6, what is -4 + -4?
-12
In base 9, what is 17 + -3?
14
In base 14, what is -1b5 + -6?
-1bb
In base 4, what is -11231 + -121?
-12012
In base 12, what is -3 - -2112?
210b
In base 12, what is 1 + -139?
-138
In base 9, what is -21 + 11?
-10
In base 9, what is 50 - -14?
64
In base 9, what is -1 - -108?
107
In base 3, what is -21222 + -11?
-22010
In base 8, what is -3 - -64?
61
In base 9, what is 177 - -3?
181
In base 7, what is -2 - 165?
-200
In base 13, what is 42c + 4?
433
In base 4, what is 233 + -33?
200
In base 8, what is -22 - 16?
-40
In base 8, what is 611 - 5?
604
In base 4, what is 3 + -110021?
-110012
In base 12, what is 3 + -16b?
-168
In base 13, what is 16a + 0?
16a
In base 15, what is -d1 + -1?
-d2
In base 15, what is -181 - 0?
-181
In base 6, what is 1 + -253?
-252
In base 16, what is 8a7 + 2?
8a9
In base 3, what is 22 + -212202?
-212110
In base 4, what is -10 + -320212?
-320222
In base 10, what is -60 - -202?
142
In base 13, what is 1c29 + 5?
1c31
In base 4, what is -2103 - -3?
-2100
In base 12, what is 5290 + 2?
5292
In base 11, what is -1466 + -2?
-1468
In base 2, what is -10 - -10111010?
10111000
In base 3, what is 1012222210 + 0?
1012222210
In base 16, what is -84 - -5?
-7f
In base 11, what is -7 - 341?
-348
In base 15, what is -15 - -2b7?
2a2
In base 2, what is -10 + 11101001101?
11101001011
In base 10, what is 29 + -104?
-75
In base 6, what is 5 + -15155?
-15150
In base 12, what is 250 - -4?
254
In base 11, what is -41 - -20?
-21
In base 9, what is -3 + -1322?
-1325
In base 13, what is 2 + -1c7?
-1c5
In base 10, what is -1 + -67?
-68
In base 11, what is 0 + -6?
-6
In base 2, what is 100 - -1100010?
1100110
In base 6, what is -2 - -20?
14
In base 3, what is 10 - -12122?
12202
In base 13, what is -3456 - -2?
-3454
In base 2, what is 101 - -100000111?
100001100
In base 5, what is 13 - -144?
212
In base 11, what is 3 + 14?
17
In base 13, what is a9b2 + 5?
a9b7
In base 4, what is -3201 - 0?
-3201
In base 2, what is 1100011100 + 10?
1100011110
In base 5, what is -130 + 24?
-101
In base 14, what is -5 - 2?
-7
In base 13, what is -5c + -17?
-76
In base 4, what is -122 + -122?
-310
In base 6, what is 540 - 12?
524
In base 9, what is -252 - -16?
-235
In base 16, what is 8 - -d2?
da
In base 5, what is -1111 - 10?
-1121
In base 3, what is 22020101 + 0?
22020101
In base 6, what is -15 - -421?
402
In base 8, what is -110232 - 5?
-110237
In base 13, what is 2 - 80b?
-809
In base 16, what is -3 - -502?
4ff
In base 8, what is 403 - -1?
404
In base 15, what is -b308 + 1?
-b307
In base 6, what is 4 - 103?
-55
In base 8, what is -56 + -1?
-57
In base 3, what is 2 + -111212?
-111210
In base 4, what is -3031112 + 3?
-3031103
In base 10, what is 25 - -91?
116
In base 3, what is -1121 + -20000?
-21121
In base 12, what is -2 - 81?
-83
In base 16, what is 5 - -10?
15
In base 9, what is 0 + 76?
76
In base 5, what is 303 - 10?
243
In base 7, what is -25 + 5?
-20
In base 14, what is 6 + 255?
25b
In base 4, what is -33 + 11?
-22
In base 12, what is 30 + 1?
31
In base 7, what is -24131 + -5?
-24136
In base 10, what is -2 - 516?
-518
In base 7, what is -34 - 20?
-54
In base 13, what is 210a + -4?
2106
In base 2, what is -11 + -100111001?
-100111100
In base 13, what is c + -2?
a
In base 15, what is -10 + -4?
-14
In base 11, what is 4a - 1?
49
In base 7, what is -3 + -3026?
-3032
In base 12, what is 10 - 18?
-8
In base 4, what is 1302 + -3?
1233
In base 4, what is 2 - 3011?
-3003
In base 13, what is -11 - -a?
-4
In base 11, what is 16 + 12?
28
In base 15, what is -65 - 1?
-66
In base 2, what is -10111011 + -101?
-11000000
In base 8, what is 36 + -4?
32
In base 11, what is 1 + 70?
71
In base 10, what is 1 - 632?
-631
In base 5, what is 4 - 41222?
-41213
In base 3, what is -11120021 - 10?
-11120101
In base 10, what is -276 - 8?
-284
In base 11, what is -54 - -15?
-3a
In base 8, what is 2 + 10473?
10475
In base 13, what is -2 + 4?
2
In base 8, what is -3 + -16?
-21
In base 13, what is -1c6 - 2?
-1c8
In base 2, what is 11 + 10?
101
In base 4, what is 311 - 11?
300
In base 13, what is -3c - -7?
-35
In base 10, what is 4 - 222?
-218
In base 5, what is 102 + -4?
43
In base 6, what is 5 - 11?
-2
In base 15, what is -24 + 45?
21
In base 14, what is -13 - 1d?
-32
In base 5, what is 112 + -20?
42
In base 6, what is 2 - -30?
32
In base 12, what is b + 132?
141
In base 12, what is -224 - 4?
-228
In base 16, what is -8 + 1a4?
19c
In base 11, what is -4 - -61a?
616
In base 8, what is 5 - 257?
-252
In base 11, what is -4a12 + 3?
-4a0a
In base 13, what is -112 - -57?
-88
In base 4, what is -20 - -310?
230
In base 9, what is 1864 - 5?
1858
In base 12, what is 0 + -6bb?
-6bb
In base 16, what is 667 + 3?
66a
In base 2, what is -1000 - -1101?
101
In base 9, what is 3 - 2?
1
In base 10, what is -52 - -72?
20
In base 16, what is -68 + 9?
-5f
In base 14, what is 0 + -5?
-5
In base 15, what is -5b + 4?
-57
In base 13, what is 3 - 119?
-116
In base 13, what is 1 - -14?
15
In base 4, what is 1 - -211?
212
In base 9, what is 2 - 2?
0
In base 7, what is 14 - -253?
300
In base 6, what is 0 + 15330?
15330
In base 12, what is 3 - -b1?
b4
In base 13, what is 365 - -10?
375
In base 11, what is 3699 + -2?
3697
In base 12, what is -124 - -2?
-122
In base 10, what is -4 + 82?
78
In base 2, what is -111101000110 + 101?
-111101000001
In base 3, what is -10 + 212?
202
In base 4, what is -211301 + 1?
-211300
In base 2, what is -101011100110 - -100?
-101011100010
In base 3, what is 110212 + -10?
110202
In base 9, what is 66 + 4?
71
In base 7, what is -10 + 34?
24
In base 3, what is 0 - -2102210?
2102210
In base 2, what is -11 - -101100101?
101100010
In base 2, what is -1001000111 - -100?
-1001000011
In base 8, what is 1047 + 0?
1047
In base 9, what is 333 + 105?
438
In base 3, what is -211 + 111?
-100
In base 14, what is -102 + 4?
-dc
In base 3, what is 0 - 1110122?
-1110122
In base 4, what is 3 - -10232?
10301
In base 9, what is -5 + 140?
134
In base 3, what is 1000 - 111?
112
In base 10, what is 14 + -74?
-60
In base 4, what is 3223 + 20?
3303
In base 9, what is -16 - 12?
-28
In base 9, what is -1431 - 4?
-1435
In base 16, what is 1a1 - 1a?
187
In base 11, what is 1 + 95?
96
In base 16, what is -3 + 1490?
148d
In base 15, what is -121 - 0?
-121
In base 11, what is 18 - -6?
23
In base 3, what is 11 - -110201?
110212
In base 5, what is -423 + -2?
-430
In base 10, what is -139 + -3?
-142
In base 9, what is -1363 + 4?
-1358
In base 13, what is 4 - 4a?
-46
In base 16, what is -8a9 - 2?
-8ab
In base 10, what is -5 + 461?
456
In base 5, what is -3 + 103?
100
In base 15, what is -24e - 1?
-250
In base 3, what is -2021120 + -2?
-2021122
In base 11, what is 3 + 0?
3
In base 13, what is 0 + 115?
115
In base 16, what is -5 - -103?
fe
In base 4, what is 12303 - -30?
12333
In base 15, what is -18d0 - 1?
-18d1
In base 7, what is 11 + 25?
36
In base 16, what is 11a - -1?
11b
In base 7, what is 353 - 2?
351
In base 3, what is 10212 + -10?
10202
In base 8, what is 64 - 1512?
-1426
In base 10, what is 5 + 78?
83
In base 3, what is -21022 - -2?
-21020
In base 13, what is 0 + -4c?
-4c
In base 4, what is 0 + 302?
302
In base 12, what is -aa - -5?
-a5
In base 13, what is -4 + -29bc?
-29c3
In base 2, what is 100100001 - 10101?
100001100
In base 13, what is -5a30 + 4?
-5a29
In base 11, what is -1 - 76?
-77
In base 15, what is 4e + -2?
4c
In base 3, what is 20211 + 1?
20212
In base